 d**3 - 376*d**2 - 1492*d + 114. Determine q(-4).
2
Let g(a) = -a**3 + 18*a**2 + 82*a - 1510. Calculate g(20).
-670
Let s(t) = -266*t**3 + 3*t**2 - 117*t + 224. Determine s(2).
-2126
Let q(h) = 120*h**3 - 7*h**2 - 9*h + 5. Calculate q(1).
109
Let q(j) = j**3 - 70*j**2 - 899*j + 59000. Give q(71).
212
Let w(p) = 3*p**2 - 969*p - 11280. Give w(-12).
780
Let w(d) = -4413*d + 238390. What is w(54)?
88
Let p(g) = -2*g**3 - 62*g**2 - 53*g + 1827. What is p(-29)?
0
Let z(h) = -43*h**2 - 488*h - 4636. Give z(-10).
-4056
Let f(g) = -3*g**2 - 7719*g - 518326. Give f(-69).
2
Let a(q) = -6*q**2 - 12262*q + 692558. What is a(55)?
-2
Let m(b) = -2*b**3 + 357*b**2 + 539*b + 145. What is m(180)?
-35
Let i(k) = -78*k**2 + 1052*k + 102. Give i(16).
-3034
Let b(d) = d**2 - 133600*d - 400783. Give b(-3).
26
Let l(g) = 657*g + 51185. Calculate l(-77).
596
Let l(b) = 1069158*b - 1069162. Calculate l(1).
-4
Let u(v) = v**3 - 33*v**2 - 73*v + 42. Calculate u(35).
-63
Let r(u) = -1350*u - 9995. Give r(-6).
-1895
Let l(q) = q**2 - 89*q - 1538. Give l(100).
-438
Let b(o) = -o**3 + 10*o**2 + 67*o + 77. Give b(-12).
2441
Let c(w) = -26*w**2 - 3805*w + 6358. Calculate c(-148).
-6
Let f(y) = -20*y**3 - 8036*y**2 + 1604*y - 1583. Calculate f(-402).
25
Let j(a) = -228*a**2 - 19321*a + 5024. Calculate j(-85).
9
Let a(z) = 2*z**2 + 263*z + 13433. Calculate a(-83).
5382
Let m(g) = 1096*g - 3477. Give m(4).
907
Let t(y) = 51*y**2 + 208*y + 245. Calculate t(-8).
1845
Let z(t) = 2*t**2 - 101*t + 358. What is z(46)?
-56
Let x(g) = -28*g**2 - 197*g + 1782. Determine x(-12).
114
Let j(t) = t**2 + 5723*t - 120578. Give j(21).
46
Let z(f) = 3*f**2 - 1669*f + 89731. Determine z(496).
-45
Let v(o) = -8678*o - 277702. Give v(-32).
-6
Let n(p) = -4*p**2 + 19809*p - 99039. Give n(5).
-94
Let g(o) = -95*o - 3113. Give g(-37).
402
Let u(l) = 65*l**3 + 314*l**2 - 1235*l + 15. What is u(4)?
4259
Let d(m) = -m**3 + 221*m**2 - 4495*m + 9493. Determine d(20).
-7
Let d(k) = 4*k**2 - 1259*k + 11238. Give d(9).
231
Let s(h) = h**3 - 33*h**2 + 241*h + 31. What is s(22)?
9
Let v(u) = 291*u + 30840. What is v(-106)?
-6
Let t(x) = 32*x**2 + 6700*x + 271711. Determine t(-55).
11
Let a(v) = -10787*v**2 + 161808*v - 34. Determine a(15).
11
Let b(n) = -2*n**3 + 614*n**2 - 119*n + 36794. What is b(307)?
261
Let b(m) = -m**3 - 57*m**2 - 414*m - 1073. Calculate b(-49).
5
Let k(a) = 12*a**2 - 169*a + 720. What is k(9)?
171
Let s(w) = -3*w**2 + 1935*w + 9750. Give s(-5).
0
Let n(f) = 16*f**2 - 2711*f + 10803. Calculate n(4).
215
Let r(k) = k**2 + 3375*k - 23611. Determine r(7).
63
Let p(v) = -5*v**3 - 4*v**2 + 17441*v + 104690. Give p(-6).
980
Let t(j) = 41*j**3 - 19*j**2 + 1340*j - 1341. Calculate t(1).
21
Let r(s) = -22474*s**2 + 292164*s - 21. Calculate r(13).
5
Let s(c) = -129*c**2 + 1205*c - 41. Determine s(9).
355
Let s(x) = -359*x + 12839. Determine s(37).
-444
Let x(c) = c**3 - 190*c**2 + 778*c - 6103. Determine x(186).
221
Let b(s) = -2*s**3 - 206*s**2 - 42*s - 4502. What is b(-103)?
-176
Let i(m) = 22*m**2 + 2070*m - 10320. What is i(5)?
580
Let m(l) = 4*l**2 - 4146*l - 88826. Determine m(-21).
4
Let b(y) = -53035*y - 530337. Calculate b(-10).
13
Let t(p) = 14385*p - 43078. What is t(3)?
77
Let v(u) = -4*u**2 - 1719*u - 31290. Give v(-19).
-73
Let l(v) = 4*v**3 + 2925*v**2 - 8080*v - 4369. What is l(-734)?
35
Let h(a) = -43496*a + 43487. Give h(1).
-9
Let n(p) = -2*p**3 - 46*p**2 - 293*p - 25. What is n(-6)?
509
Let n(t) = 317*t**2 + 216*t + 4. Calculate n(-1).
105
Let k(i) = i**3 - 62*i**2 - 42*i + 5571. Give k(62).
2967
Let g(z) = -119303*z + 4891443. Give g(41).
20
Let u(p) = 600*p + 219595. What is u(-366)?
-5
Let q(d) = -4946*d + 9895. Calculate q(2).
3
Let s(i) = -3*i**2 - 564*i - 26362. Give s(-88).
38
Let c(p) = -6*p**2 + 741*p + 33832. Determine c(159).
-35
Let u(o) = -29385*o - 381903. Give u(-13).
102
Let s(p) = p**2 + 1196*p - 63622. Calculate s(51).
-25
Let n(w) = -w**3 + 2292*w**2 - 9148*w - 12. Calculate n(4).
4
Let a(v) = -1835*v**2 - 5*v + 9. Calculate a(1).
-1831
Let f(v) = 22*v**2 - 33*v - 168. Calculate f(-5).
547
Let x(s) = -61*s**3 - 499*s**2 + 455*s + 58. Give x(-9).
13
Let l(k) = 2*k**3 + 78*k**2 + 1119*k + 43534. Calculate l(-39).
-107
Let u(l) = 4*l**3 - 112*l**2 + 91*l - 26. What is u(27)?
-485
Let k(i) = -i**3 - 92*i**2 - 756*i + 2447. Give k(-12).
-1
Let c(t) = t**3 - 5*t**2 - 4511*t + 27015. Give c(6).
-15
Let n(w) = 4*w**2 - 1015*w + 12285. Determine n(241).
-6
Let p(h) = 35*h**2 + 368*h - 2001. Give p(6).
1467
Let h(b) = 9*b**3 - 14*b**2 - 448*b - 1225. What is h(-3)?
-250
Let y(t) = 4*t**3 - 4*t**2 + 37*t - 239. Calculate y(5).
346
Let k(h) = -13*h - 648. Calculate k(11).
-791
Let i(t) = 78*t - 564. Calculate i(9).
138
Let m(u) = 33294*u + 3629044. Give m(-109).
-2
Let f(v) = 4*v**2 + 156*v - 573. Determine f(-40).
-413
Let i(c) = -82003*c - 573980. Give i(-7).
41
Let a(y) = -y**3 - 18*y**2 - 45*y + 246. Give a(-13).
-14
Let x(s) = -2*s**2 - 20278*s + 875655. What is x(43)?
3
Let v(c) = -13*c**2 - 81*c + 964. Determine v(13).
-2286
Let y(m) = 904*m**3 + 177*m**2 + 174*m - 1. Give y(-1).
-902
Let n(y) = 45*y**2 - 265*y + 68. Determine n(9).
1328
Let a(r) = -7*r**3 - 391*r**2 + 64*r + 476. What is a(-56)?
28
Let u(n) = -22969*n + 137810. Calculate u(6).
-4
Let g(m) = m**3 + 36*m**2 - 649*m + 9. Calculate g(12).
-867
Let s(i) = -i**3 - 109*i**2 - 39*i - 4153. Calculate s(-109).
98
Let k(p) = 6*p**2 - 188*p - 604. What is k(30)?
-844
Let r(t) = t**2 - 14016*t - 1212884. Determine r(-86).
-112
Let l(g) = 34*g**3 - 8*g**2 + 10*g + 65. What is l(-2)?
-259
Let z(y) = 11*y**2 - 74*y + 691. What is z(7)?
712
Let v(t) = 3*t**3 + 49*t**2 - 16*t + 268. Determine v(-17).
-38
Let r(n) = -n**3 - 152*n**2 + 843*n + 9085. Determine r(-157).
-21
Let k(o) = o**2 + 26990*o - 783560. Calculate k(29).
-9
Let r(q) = 303*q**3 + 1548*q**2 + 185*q + 82. Determine r(-5).
-18
Let x(b) = b**3 + 91*b**2 - 1136*b - 11905. Calculate x(17).
-5
Let a(f) = -f**2 - 3550*f + 829374. Give a(220).
-26
Let b(d) = 16*d**2 + 1540*d + 109. Calculate b(-98).
2853
Let n(q) = 3591*q - 64729. Determine n(18).
-91
Let b(y) = 27*y**2 - 2579*y + 11120. What is b(91)?
18
Let i(n) = n**3 + 20*n**2 + 11*n - 372. Calculate i(-19).
-220
Let q(p) = -456*p + 158. Determine q(0).
158
Let s(l) = -l**2 + 60*l - 1881. Determine s(53).
-1510
Let g(t) = -72*t**3 + 4820*t**2 + 271*t + 36. Give g(67).
237
Let k(q) = q**3 - 15*q**2 - 27*q + 636. Give k(14).
62
Let h(p) = -5*p**2 - 207*p - 1056. Give h(-7).
148
Let a(o) = 809*o + 3424. Give a(-5).
-621
Let l(w) = -200*w**2 - 7450*w - 1728. Determine l(-37).
122
Let c(y) = -y**2 + 2251*y + 222884. Determine c(-95).
14
Let q(v) = -135*v**2 + 6021*v + 2450. Determine q(45).
20
Let l(r) = -r**3 - 95*r**2 + 186*r - 422. Determine l(-97).
354
Let f(u) = 9*u**2 + 470*u - 4282. Give f(-60).
-82
Let s(t) = t**3 - 3237*t**2 + 12949*t - 53. Give s(4).
15
Let v(r) = -122*r**2 - 6321*r - 59. Give v(-52).
-1255
Let b(w) = w**3 - 6*w**2 + 41*w - 171. Determine b(4).
-39
Let o(u) = 3*u**3 - 9*u**2 - 544*u - 193. Calculate o(15).
-253
Let h(u) = -498*u + 75620. Calculate h(152).
-76
Let i(l) = 453*l - 1391. What is i(4)?
421
Let c(b) = -b**3 + 180*b**2 - 4993*b + 4281. Give c(146).
47
Let y(w) = -3412*w + 23927. Determine y(7).
43
Let r(u) = -u**3 - 6*u**2 + 231*u + 2245. Give r(-9).
409
Let o(i) = 205267*i + 1436866. Determine o(-7).
-3
Let u(j) = j**2 - 499*j + 6385. Calculate u(13).
67
Let b(f) = -34*f**2 + 35*f - 101. What is b(3)?
-302
Let a(s) = -s**3 + 53*s**2 + 554*s - 15298. Determine a(58).
14
Let r(c) = 25*c**2 - 1622*c - 1712. Determine r(66).
136
Let s(d) = d**2 - 414783*d + 414783. Give s(1).
1
Let x(d) = d**3 + 22*d**2 + 84*d - 84. Give x(-17).
-67
Let x(t) = t**2 + 2050*t - 526919. Calculate x(231).
-8
Let n(u) = -47*u**2 - 2714*u - 320. Calculate n(-58).
-1016
Let i(m) = -6*m**3 + 137*m**2 - 16*m + 939. Calculate i(23).
42
Let l(i) = -14384*i + 71963. Calculate l(5).
43
Let g(x) = 8*x**2 + 69*x - 90. Give g(-10).
20
Let g(n) = n**3 - 16*n**2 - 19*n + 20. Give g(6).
-454
Let r(a) = -1234321*a - 2468648. Give r(-2).
-6
Let s(g) = -47*g**2 - 15989*g - 112569. Give s(-333).
-15
Let n(b) = 4*b**3 - 56*b**2 - 157*b + 472. Determine n(16).
8
Let h(o) = 2460*o**2 + 19679*o - 16. Determine h(